y x(6)?
5
Suppose 1144 = 6*u + 20*u. What is the remainder when u is divided by 9?
8
Let i = 37 - 39. Calculate the remainder when ((i - -3) + 0)*101 is divided by 26.
23
Suppose -23*v + 124 = -21*v. Calculate the remainder when 242 is divided by v.
56
Let d(o) be the third derivative of -5*o**4/6 - o**3/6 + o**2. What is the remainder when d(-1) is divided by 10?
9
Let x(a) = -a**3 + 6*a**2 + 2*a - 18. Calculate the remainder when 305 is divided by x(5).
16
Let x(r) = -23*r - 3. Let j be x(-2). Suppose -212 = -6*w - 62. Let y = j - w. What is the remainder when y is divided by 7?
4
Let n = 12 + 12. Calculate the remainder when n is divided by 15.
9
Let p(b) = -6*b - 43. Let j = 36 + 0. Suppose -2*n + w = 2*n - 25, -3*n - 5*w = -j. What is the remainder when n is divided by p(-8)?
2
Let j(s) = -12*s + 30. Calculate the remainder when 18 is divided by j(2).
0
What is the remainder when 1763 is divided by 2 + (4 + -9 - 129/(-1))?
125
Let f = 10 + 15. Let s = f - 15. Let y = s - -4. What is the remainder when y is divided by 8?
6
What is the remainder when 91 is divided by ((2 - 0)*-7)/2 - -29?
3
Let n(h) = 53*h - 238. What is the remainder when n(6) is divided by 12?
8
Let x be 8/64 + (-4)/((-32)/159). Suppose -7*p = -3*p - 324. What is the remainder when p is divided by ((-42)/5)/((48/x)/(-6))?
18
Suppose 0 = -2*v + 3*x - 171, 435 = -2*v - 3*v + 5*x. Let z be ((-36)/v)/((-1)/(-5)). Suppose 3*p = -z + 71. Calculate the remainder when 45 is divided by p.
22
Let v be (-2 + 50/15)*3/2. Suppose -3*k - 17 = -7*k + 3*l, -5*k + 27 = v*l. What is the remainder when 15 is divided by k?
0
Let r(c) = -c**3 - 2*c**2 + c - 5. Suppose -3*i - 22 = -2*s, -4*i + 5*s - 39 = 2. Suppose 182 = 5*u + 9*u. What is the remainder when r(i) is divided by u?
10
Let h be (9/5)/1*5. Calculate the remainder when 26 is divided by (0 - (2 - 0)) + h.
5
Let p(n) = -n**2 - 15*n - 10. Let b be p(-14). Suppose b*q = 10 + 26. What is the remainder when 22 is divided by q?
4
Let g = -244 - -612. What is the remainder when g is divided by 34?
28
Suppose s = 10*s - 108. What is the remainder when 188 is divided by s?
8
Suppose 5*y = -77 + 292. Let x(c) = -c**2 - 9*c - 9. Let h be x(-9). What is the remainder when y is divided by ((-33)/h)/((-2)/(-6))?
10
Suppose -5*f = 0, -f + 3*f = 5*c - 725. Let d = c + -141. What is the remainder when 22 is divided by d?
2
Let r(o) = o**2 - 6*o - 7. Let v be r(-6). Suppose 4*n + 3*g + 1 = 56, 5*n + 3*g = v. Suppose 931 = 84*f - 497. What is the remainder when f is divided by n?
7
Suppose -5*m + 482 = 122. Calculate the remainder when m is divided by 20.
12
Suppose 0 = -2*y + 166 + 22. Suppose 0 = -5*w - 39 + y. Let c(f) = -f**3 + 7*f**2 + 3. What is the remainder when w is divided by c(7)?
2
Let i = 2010 - 1822. What is the remainder when i is divided by 37?
3
Suppose 9 = n - 3. Suppose x + x - n = 0. What is the remainder when x is divided by 1*((-2 - (0 - 0)) + 4)?
0
Let w = 37 - 35. Calculate the remainder when (1/((-4)/68))/(w/(-4)) is divided by 18.
16
Suppose -11*b + 1400 = 3*b. Suppose 8*h - b = 12. What is the remainder when 54 is divided by h?
12
Suppose -18*m + 16*m = -6. Suppose -u - 2*f + 63 = 0, m*u + f + 0*f - 194 = 0. What is the remainder when u is divided by 34?
31
Let j(c) = -9*c - 26. What is the remainder when 156 is divided by j(-4)?
6
Let a(l) = -l + 9. Let y be a(5). Suppose 8 = -2*z + y*i, 2*z + 8 = 3*i - 5*i. Calculate the remainder when (-10 + 2)/z + 13 is divided by 9.
6
Let g(l) = 8*l**2 - 1 + 6 + 5*l + l**3 - 2. Suppose -7 = 20*w - 19*w. Calculate the remainder when g(w) is divided by 6.
5
Suppose -13*v = -28*v + 615. What is the remainder when 199 is divided by v?
35
Let n = -11 + 266. Suppose -3*u + 6*u = n. Let l = u + -59. Calculate the remainder when l is divided by 7.
5
Suppose -2*u - 5*t = -53 - 6, 0 = u + 2*t - 29. Calculate the remainder when 107 is divided by u.
26
Suppose 5*p = -4*l + 5, 2 + 11 = 5*l + 4*p. Suppose l*c = -3*a + 44, 4*a - 2*c = a + 16. Calculate the remainder when (-1)/4 - 1537/(-116) is divided by a.
5
Suppose -8*p = -19*p + 253. Let y = -7 - -15. Calculate the remainder when p is divided by y.
7
Let h(v) = 21*v + 114. What is the remainder when 94 is divided by h(-5)?
4
Suppose -2*w - 1 = -5. Suppose w*n + 9 = -5*a, -n - a + 2 = -1. Let t(q) = q**3 - 7*q**2 - 6*q + 1. Calculate the remainder when 49 is divided by t(n).
15
Let r = -27 + 12. Let h = r + 35. What is the remainder when 52 is divided by 25 + -5*(-12)/h?
24
Calculate the remainder when 152 is divided by (-1325)/15*(-33)/55.
46
Let w = 125 + -89. Let r be (1/3)/(3/w). Suppose -36 = -0*m - r*m. What is the remainder when 24 is divided by m?
6
Suppose -5*c = 19 - 139. Let s(u) = 10*u + 20. Calculate the remainder when s(5) is divided by c.
22
Let k = 130 + -72. Suppose -k = -p - 17. Let m = 27 + -13. Calculate the remainder when p is divided by m.
13
Let j = 28 + -23. Suppose o + 5*q - 825 = -4*o, j*o - 825 = -3*q. Suppose o = 7*i - 2*i. Calculate the remainder when 130 is divided by i.
31
Let g be ((-10)/3 - -2)*-3. Suppose 88 = 4*u + g*p, -4*u - 3*p = -3*u - 22. Let v = -301 - -343. What is the remainder when v is divided by u?
20
Let w(b) = -b**2 + 21*b - 20. Let z be w(20). Suppose z = -0*k - 2*k + 38. Calculate the remainder when 169 is divided by k.
17
Let v(f) = -f**3 - 4*f - 1. Let u(c) = c**2. Let g(m) = -4*u(m) + v(m). Let z be (-1)/2 - 10/4. What is the remainder when g(z) is divided by 2?
0
Suppose -2*f + r = 79 - 129, -5*f + 125 = -r. What is the remainder when 62 is divided by f?
12
Calculate the remainder when 837/135 + (-8)/(-10) - -300 is divided by 56.
27
Suppose 4*d - 216 = -0*d. What is the remainder when d is divided by 10 + (5 + 7 - 8)?
12
Suppose -h - 16 = -14. What is the remainder when (220/(-35))/(h/7) is divided by 8?
6
Let r(s) = -s**3 - 8*s**2 + s + 11. Let l(i) = -i**2 - 5*i + 5. Let c be l(-7). What is the remainder when r(c) is divided by (-664)/(-28) + -3 - (-6)/21?
20
Suppose -2*x = -3*k + 4*k - 63, -5*k + 2*x = -267. Let o(c) = -5*c**3 - 167*c**2 - 67*c - 19. Calculate the remainder when k is divided by o(-33).
13
Let r = 337 - 316. What is the remainder when r is divided by 7?
0
What is the remainder when 778 is divided by (28 + -32)*(-22)/8?
8
Suppose 5*g + 2*v = 6*v + 190, -2*g + 2*v + 76 = 0. Suppose 11 = 3*k + 8, 5*j - k = 99. Calculate the remainder when g is divided by j.
18
Let g be -2*59/(-4)*2. Let b = -22 - g. Let w = b - -128. What is the remainder when w is divided by 12?
11
Suppose 6*o - 422 = -5*n + 8*o, 0 = 2*n + o - 176. What is the remainder when 2577 is divided by n?
83
Let a = 1948 + -1893. Suppose -b = 3*b - 28. Calculate the remainder when a is divided by b.
6
Let c be (16/6)/(2/(-48)). Let g = c - -166. What is the remainder when g is divided by (-84)/(-2) - (10 + -3)?
32
What is the remainder when (-10)/((-40)/34)*74 is divided by 9?
8
Let a(p) = -p**2 - 13*p - 34. Let r be a(-9). Suppose r*d = 130 + 36. What is the remainder when d is divided by 28?
27
Suppose -s + 9 = -10. Calculate the remainder when 33 is divided by s.
14
Let m(f) = 7*f**2 - 6*f + 1. Let q be m(-5). Suppose 3*k - 142 = -4*o, 2*k + o + q = 7*k. What is the remainder when 124 is divided by k?
40
Let p(g) = -2*g**3 - 3*g**2 - g - 3. Let t be p(-3). What is the remainder when 441/12 + (-3)/(-12) is divided by 0 + 9/(t/24)?
5
Suppose p = -3 + 44. Calculate the remainder when p is divided by (1 + -3)*(8 + (-324)/24).
8
Let g(y) = -9*y - 90. Calculate the remainder when g(-28) is divided by 33.
30
Suppose -3 = -x, -5*k + k - 3*x + 33 = 0. Let m = -80 - -90. What is the remainder when m is divided by k?
4
Let p = 102 + -96. Calculate the remainder when 123 is divided by p.
3
Let f be (-382)/(-18) - (-16)/(-72). Let g = f - 11. Let q = 376 + -339. What is the remainder when q is divided by g?
7
Let l(k) = -k**3 - 9*k**2 + 9*k - 4. Let n be l(-10). Suppose n*q + 2*q = 112. Calculate the remainder when q is divided by 3.
2
Suppose 3*b - j + 272 = 0, 4*j - j - 193 = 2*b. Let k = -57 - b. Calculate the remainder when k is divided by 7.
4
Let x(g) = g**2 + 8*g + 19. Let h be x(-6). Let k(o) = o + 8. What is the remainder when 56 is divided by k(h)?
11
Let o(u) = u - 1. Let c(f) = f**3 - 7*f**2 + 3*f + 11. Let t(l) 